{"id":22,"date":"2014-11-15T12:31:40","date_gmt":"2014-11-15T10:31:40","guid":{"rendered":"http:\/\/friedenskoch-jalil.rhcloud.com\/?page_id=22"},"modified":"2014-11-15T12:31:40","modified_gmt":"2014-11-15T10:31:40","slug":"urspruengliches-projekt","status":"publish","type":"page","link":"https:\/\/www.friedenskoch.de\/?page_id=22","title":{"rendered":"Urspr\u00fcngliches Projekt &#8211; Der interreligi\u00f6se Kindergarten"},"content":{"rendered":"<h3>&nbsp;<\/h3>\n<h2 style=\"padding-left: 60px; text-align: justify;\"><span style=\"color: #0000ff;\">Hier stellen wir verschiedene Modelle zum Bau eine <\/span><span style=\"color: #0000ff;\">interreligi\u00f6sen Kindergartens vor. Trotz intensiver Vorarbeit <\/span><span style=\"color: #0000ff;\">langwierigen Verhandlungen konnten diese Projekte leider nicht&nbsp;<\/span><span style=\"color: #0000ff;\">verwirklicht werden. Die urspr\u00fcnglich hierf\u00fcr &nbsp;vorgesehenen Finanzmittel&nbsp;<\/span><span style=\"color: #0000ff;\">werden nunmehr ausschlie\u00dflich f\u00fcr unser neues Projekt der Errichtung der Fachstelle verwendet &#8211; wir investieren somit k\u00fcnftig nicht in Steine <\/span><span style=\"color: #0000ff;\">sondern in die Ausbildung der Kinder.<\/span><\/h2>\n<p>&nbsp;<\/p>\n<h2 style=\"padding-left: 60px; text-align: center;\">&nbsp; &nbsp; &nbsp; &nbsp; &nbsp; &nbsp; &nbsp; <span style=\"color: #008000;\">&nbsp;A. Der interreligi\u00f6se Kindergarten in Ramla<\/span><\/h2>\n<p style=\"padding-left: 90px;\"><a href=\"https:\/\/www.friedenskoch.de\/wordpress_de\/wp-content\/uploads\/2014\/11\/Jalill-1-mit-Modell.jpg\"><img loading=\"lazy\" decoding=\"async\" class=\"size-full wp-image-661 aligncenter\" src=\"https:\/\/www.friedenskoch.de\/wordpress_de\/wp-content\/uploads\/2014\/11\/Jalill-1-mit-Modell.jpg\" alt=\"Jalill 1 mit Modell\" width=\"464\" height=\"480\"><\/a><\/p>\n<p><a href=\"https:\/\/www.friedenskoch.de\/wordpress_de\/wp-content\/uploads\/2014\/11\/Lehmbau_kl.jpg\"><img loading=\"lazy\" decoding=\"async\" class=\"size-full wp-image-246 aligncenter\" src=\"https:\/\/www.friedenskoch.de\/wordpress_de\/wp-content\/uploads\/2014\/11\/Lehmbau_kl.jpg\" alt=\"Lehmbau_kl\" width=\"500\" height=\"203\"><\/a><\/p>\n<p><a href=\"https:\/\/www.friedenskoch.de\/wordpress_de\/wp-content\/uploads\/2014\/11\/KG_Elevations_600.jpg\"><img loading=\"lazy\" decoding=\"async\" class=\"aligncenter wp-image-247\" src=\"https:\/\/www.friedenskoch.de\/wordpress_de\/wp-content\/uploads\/2014\/11\/KG_Elevations_600.jpg\" alt=\"KG_Elevations_600\" width=\"561\" height=\"379\"><\/a><\/p>\n<p><a href=\"https:\/\/www.friedenskoch.de\/wordpress_de\/wp-content\/uploads\/2014\/11\/KG_Floor_Plan_180.jpg\"><img loading=\"lazy\" decoding=\"async\" class=\"aligncenter size-full wp-image-248\" src=\"https:\/\/www.friedenskoch.de\/wordpress_de\/wp-content\/uploads\/2014\/11\/KG_Floor_Plan_180.jpg\" alt=\"KG_Floor_Plan_180\" width=\"480\" height=\"321\"><\/a><\/p>\n<h2 style=\"padding-left: 60px; text-align: center;\"><span style=\"color: #008000;\">\u00dcberlegungen zum geplanten Kindergarten:<\/span><\/h2>\n<h3 style=\"padding-left: 60px; text-align: left;\">Der Kindergarten sollte nach neuesten p\u00e4dagogischen Konzepten als Ganztagskindergarten gef\u00fchrt werden. Ein Gremium aus j\u00fcdischen, christlichen und muslimischen M\u00fcttern entscheidet in Zusammen-arbeit mit den Betreuerinnen, Erzieherinnen und Sonderp\u00e4dagoginnen \u00fcber deren Umsetzung. Der Kindergarten soll Kinder im Alter von 3 Monaten bis 5 Jahren aufnehmen, ebenso Kinder mit Behinderungen. Die zweisprachige Erziehung der Kinder, auf Hebr\u00e4isch und Arabisch, ist eine notwendige und selbstverst\u00e4ndliche Voraussetzung. Der lebendige und t\u00e4gliche Umgang mit den Elementen Wasser, Steine und Erde sowie mit Pflanzen und Tieren im Garten der Anlage ist wichtiger Bestandteil des Erziehungsprogramms. Das Essen f\u00fcr die Kinder wird t\u00e4glich aus frischen Zutaten zubereitet. F\u00fcr Kinder von 6 -10 Jahren sind R\u00e4ume f\u00fcr die Hausaufgabenbetreuung vorgesehen. Auch Kinder, die anderen Religionen angeh\u00f6ren, werden angenommen. Kinder-garten und Anlage entsprechen den neusten \u00f6kologischen Kriterien. Der Entwurf stammt von dem international renommierten Experten f\u00fcr \u00f6kologisches Bauen, Herrn Prof. Dr. Ing. G. Minke, in Zusammen-arbeit mit Herrn Dipl. Ing. F. Mahlke (Uni Kassel). Der Bedarf an elektrischer Energie soll zum Teil durch Solarzellen gedeckt werden. Durch das Auffangen von Regenwasser werden die Pflanzen bew\u00e4ssert, als Baumaterial finden vor allem nat\u00fcrliche Baustoffe, wie Holz, Lehm und Jerusalemer Stein Verwendung. Das Geb\u00e4ude soll zus\u00e4tzlich als kulturelles Zentrum f\u00fcr Theaterauff\u00fchrungen, Konzerte, Vortr\u00e4ge und Seminare sowie f\u00fcr interreligi\u00f6se Begegnungen und Dialoge genutzt werden. Wir wollen, dass mit unserem Vorhaben sowohl die Kinder, deren Eltern als auch andere Erwachsene am Friedensprozess beteiligt werden.<br \/>\nDer Kindergarten soll haupts\u00e4chlich von deutschen, arabischen und j\u00fcdischen ArchitekturstudentInnen im Rahmen eines Workcamps gebaut werden. Ein politisches Rahmenprogramm soll die Begegnung der Jugendlichen und die Auseinandersetzung mit dem Nahostkonflikt unterst\u00fctzen.<br \/>\nUnser aller Ziel ist es, dass die Kinder von klein an friedlich miteinander leben und aufwachsen k\u00f6nnen, sich gegenseitig akzeptieren und tolerieren. Es ist nur ein Musaiksteinchen, das aber dringend gebraucht wird, um den Boden f\u00fcr zuk\u00fcnftige Generationen zu bereiten, auf dem Menschen verschiedener Rassen und Religionen gemeinsam friedlich zusammen leben k\u00f6nnen.<\/h3>\n<h3 style=\"padding-left: 120px; text-align: center;\"><span id=\"B\" style=\"color: #008000;\">B. : Kindergarten-Modell f\u00fcr Lod (Lydda)<\/span><\/h3>\n<p style=\"padding-left: 30px;\"><a href=\"https:\/\/www.friedenskoch.de\/wordpress_de\/wp-content\/uploads\/2014\/11\/Kindergarten-Modell-aus-Lehmbausteine.jpg\"><img loading=\"lazy\" decoding=\"async\" class=\"size-large wp-image-799 aligncenter\" src=\"https:\/\/www.friedenskoch.de\/wordpress_de\/wp-content\/uploads\/2014\/11\/Kindergarten-Modell-aus-Lehmbausteine-1024x768.jpg\" alt=\"Kindergarten - Modell aus Lehmbausteine\" width=\"625\" height=\"468\"><\/a><\/p>\n<p>&nbsp;<\/p>\n<h3 style=\"padding-left: 90px; text-align: center;\">&nbsp;<span style=\"color: #008000;\"><strong>C. : <span style=\"text-decoration: underline;\">Kindergarten &#8211; Modell f\u00fcr Neve Shalom \/ Wahat al Salam<\/span><\/strong><\/span><\/h3>\n<p><img loading=\"lazy\" decoding=\"async\" class=\"wp-image-1058 size-large aligncenter\" src=\"https:\/\/www.friedenskoch.de\/wordpress_de\/wp-content\/uploads\/2018\/02\/Modell-Neve-Shalom-1024x768.jpg\" alt=\"\" width=\"625\" height=\"469\" srcset=\"https:\/\/www.friedenskoch.de\/wp-content\/uploads\/2018\/02\/Modell-Neve-Shalom-1024x768.jpg 1024w, https:\/\/www.friedenskoch.de\/wp-content\/uploads\/2018\/02\/Modell-Neve-Shalom-300x225.jpg 300w, https:\/\/www.friedenskoch.de\/wp-content\/uploads\/2018\/02\/Modell-Neve-Shalom-768x576.jpg 768w, https:\/\/www.friedenskoch.de\/wp-content\/uploads\/2018\/02\/Modell-Neve-Shalom-1536x1152.jpg 1536w, https:\/\/www.friedenskoch.de\/wp-content\/uploads\/2018\/02\/Modell-Neve-Shalom-2048x1536.jpg 2048w\" sizes=\"auto, (max-width: 625px) 100vw, 625px\" \/><\/p>\n<p style=\"padding-left: 60px;\">&nbsp;<\/p>\n","protected":false},"excerpt":{"rendered":"<p>&nbsp; Hier stellen wir verschiedene Modelle zum Bau eine interreligi\u00f6sen Kindergartens vor. Trotz intensiver Vorarbeit langwierigen Verhandlungen konnten diese Projekte leider nicht&nbsp;verwirklicht werden. Die urspr\u00fcnglich hierf\u00fcr &nbsp;vorgesehenen Finanzmittel&nbsp;werden nunmehr ausschlie\u00dflich f\u00fcr unser neues Projekt der Errichtung der Fachstelle verwendet &#8211; wir investieren somit k\u00fcnftig nicht in Steine sondern in die Ausbildung der Kinder. &nbsp; &nbsp; [&hellip;]<\/p>\n","protected":false},"author":1,"featured_media":0,"parent":8,"menu_order":20,"comment_status":"closed","ping_status":"open","template":"","meta":{"footnotes":""},"class_list":["post-22","page","type-page","status-publish","hentry"],"_links":{"self":[{"href":"https:\/\/www.friedenskoch.de\/index.php?rest_route=\/wp\/v2\/pages\/22","targetHints":{"allow":["GET"]}}],"collection":[{"href":"https:\/\/www.friedenskoch.de\/index.php?rest_route=\/wp\/v2\/pages"}],"about":[{"href":"https:\/\/www.friedenskoch.de\/index.php?rest_route=\/wp\/v2\/types\/page"}],"author":[{"embeddable":true,"href":"https:\/\/www.friedenskoch.de\/index.php?rest_route=\/wp\/v2\/users\/1"}],"replies":[{"embeddable":true,"href":"https:\/\/www.friedenskoch.de\/index.php?rest_route=%2Fwp%2Fv2%2Fcomments&post=22"}],"version-history":[{"count":0,"href":"https:\/\/www.friedenskoch.de\/index.php?rest_route=\/wp\/v2\/pages\/22\/revisions"}],"up":[{"embeddable":true,"href":"https:\/\/www.friedenskoch.de\/index.php?rest_route=\/wp\/v2\/pages\/8"}],"wp:attachment":[{"href":"https:\/\/www.friedenskoch.de\/index.php?rest_route=%2Fwp%2Fv2%2Fmedia&parent=22"}],"curies":[{"name":"wp","href":"https:\/\/api.w.org\/{rel}","templated":true}]}}