{"id":335,"date":"2014-12-21T13:19:25","date_gmt":"2014-12-21T12:19:25","guid":{"rendered":"http:\/\/friedenskoch-jalil.rhcloud.com\/?page_id=335"},"modified":"2014-12-21T13:19:25","modified_gmt":"2014-12-21T12:19:25","slug":"welcome","status":"publish","type":"page","link":"https:\/\/www.friedenskoch.de\/?page_id=335","title":{"rendered":"Bundesverdienstkreuz"},"content":{"rendered":"<p><span style=\"color: #008000; font-family: 'Trebuchet MS', Arial, Helvetica, sans-serif; font-size: small;\"><b>Jalil Schwarz<\/b><\/span><b><\/b><\/p>\n<p class=\"western\" style=\"text-align: center;\"><span style=\"color: #008000;\"><span style=\"font-family: 'Trebuchet MS', sans-serif;\"><span style=\"font-size: x-large;\"><b>Jalil Schwarz &#8211;&nbsp;Bundesverdienstkreuz<\/b><\/span><\/span><\/span><\/p>\n<p style=\"padding-left: 30px; text-align: left;\"><img loading=\"lazy\" decoding=\"async\" class=\"size-full wp-image-917 aligncenter\" src=\"https:\/\/www.friedenskoch.de\/wordpress_de\/wp-content\/uploads\/2017\/12\/jalil.jpg\" alt=\"\" width=\"261\" height=\"410\" srcset=\"https:\/\/www.friedenskoch.de\/wp-content\/uploads\/2017\/12\/jalil.jpg 261w, https:\/\/www.friedenskoch.de\/wp-content\/uploads\/2017\/12\/jalil-191x300.jpg 191w\" sizes=\"auto, (max-width: 261px) 100vw, 261px\" \/><b style=\"font-size: 1rem;\"><\/b><\/p>\n<h2 style=\"padding-left: 30px; text-align: left;\"><b style=\"font-size: 1rem;\">&nbsp;Jalil Schwarz 1936 geboren in Ramla, Pal\u00e4stina (seit 1948 Israel) arabischer Christ. Er lebt seit 1955 in Deutschland und ist seit 1965 deutscher Staatsb\u00fcrger. Mit dem deutschen Pass durfte er seine Geschwister in Ramla erst nach ca. 20 Jahre wieder besuchen. <\/b><\/h2>\n<h2 style=\"padding-left: 30px; text-align: left;\"><b style=\"font-size: 1rem;\">Seit 1974 ist er in der \u00d6kumene engagiert. Er half Christen aus Antiochien in der T\u00fcrkei bei der Integration in K\u00f6ln. Er half ihnen bei der Beschaffung und Einrichtung einer orthodoxen Kirche. <\/b><\/h2>\n<h2 style=\"padding-left: 30px; text-align: left;\"><b style=\"font-size: 1rem;\">\u201eFriedenskoch&#8220; wird er genannt. Seit 1985 kocht er ehrenamtlich orientalische Gerichte in ganz Deutschland f\u00fcr 50 bis 1000 Personen. Mit den Erl\u00f6sen seiner Kochaktionen, Spenden und kirchlichen Kollekten konnte er verschiedene Friedensprojekte in Jerusalem, Bethlehem und Hebron unterst\u00fctzen. In seinem Geburtsort Ramla (bei Jaffa) hat er einer christlichen Gemeinde geholfen aus einer Bauruine ein Gymnasium f\u00fcr 600 christliche und muslimische Sch\u00fclerinnen und Sch\u00fcler vom 5. bis 12. Schuljahr zu bauen und einzurichten. <\/b><b style=\"font-size: 1rem;\">Er hat seinen 65. Geburtstag in K\u00f6ln u.a. mit 175 Obdachlosen in K\u00f6ln gefeiert. <\/b><\/h2>\n<h2 style=\"padding-left: 30px; text-align: left;\"><b style=\"font-size: 1rem;\">F\u00fcr seine Verdienste f\u00fcr die Verst\u00e4ndigung von Menschen unterschiedlicher Konfessionen und Religionen, f\u00fcr die Unterst\u00fctzung von Friedensprojekten im Heiligen Land und bei der Integration von Christen aus der T\u00fcrkei in die deutsche Gesellschaft wurde ihm am 7. Februar 2001 das Verdienstkreuz&nbsp;am Bande des Verdienstordens der Bundesrepublik Deutschland vom Bundespr\u00e4sidenten Johannes Rau verliehen.<\/b><\/h2>\n","protected":false},"excerpt":{"rendered":"<p>Jalil Schwarz Jalil Schwarz &#8211;&nbsp;Bundesverdienstkreuz &nbsp;Jalil Schwarz 1936 geboren in Ramla, Pal\u00e4stina (seit 1948 Israel) arabischer Christ. Er lebt seit 1955 in Deutschland und ist seit 1965 deutscher Staatsb\u00fcrger. Mit dem deutschen Pass durfte er seine Geschwister in Ramla erst nach ca. 20 Jahre wieder besuchen. Seit 1974 ist er in der \u00d6kumene engagiert. Er [&hellip;]<\/p>\n","protected":false},"author":1,"featured_media":0,"parent":0,"menu_order":10000,"comment_status":"closed","ping_status":"open","template":"","meta":{"footnotes":""},"class_list":["post-335","page","type-page","status-publish","hentry"],"_links":{"self":[{"href":"https:\/\/www.friedenskoch.de\/index.php?rest_route=\/wp\/v2\/pages\/335","targetHints":{"allow":["GET"]}}],"collection":[{"href":"https:\/\/www.friedenskoch.de\/index.php?rest_route=\/wp\/v2\/pages"}],"about":[{"href":"https:\/\/www.friedenskoch.de\/index.php?rest_route=\/wp\/v2\/types\/page"}],"author":[{"embeddable":true,"href":"https:\/\/www.friedenskoch.de\/index.php?rest_route=\/wp\/v2\/users\/1"}],"replies":[{"embeddable":true,"href":"https:\/\/www.friedenskoch.de\/index.php?rest_route=%2Fwp%2Fv2%2Fcomments&post=335"}],"version-history":[{"count":0,"href":"https:\/\/www.friedenskoch.de\/index.php?rest_route=\/wp\/v2\/pages\/335\/revisions"}],"wp:attachment":[{"href":"https:\/\/www.friedenskoch.de\/index.php?rest_route=%2Fwp%2Fv2%2Fmedia&parent=335"}],"curies":[{"name":"wp","href":"https:\/\/api.w.org\/{rel}","templated":true}]}}

<p><span style="color: #008000; font-family: 'Trebuchet MS', Arial, Helvetica, sans-serif; font-size: small;"><b>Jalil Schwarz</b></span><b></b></p>
<p class="western" style="text-align: center;"><span style="color: #008000;"><span style="font-family: 'Trebuchet MS', sans-serif;"><span style="font-size: x-large;"><b>Jalil Schwarz &#8211;&nbsp;Bundesverdienstkreuz</b></span></span></span></p>
<p style="padding-left: 30px; text-align: left;"><img loading="lazy" decoding="async" class="size-full wp-image-917 aligncenter" src="https://www.friedenskoch.de/wordpress_de/wp-content/uploads/2017/12/jalil.jpg" alt="" width="261" height="410" srcset="https://www.friedenskoch.de/wp-content/uploads/2017/12/jalil.jpg 261w, https://www.friedenskoch.de/wp-content/uploads/2017/12/jalil-191x300.jpg 191w" sizes="auto, (max-width: 261px) 100vw, 261px" /><b style="font-size: 1rem;"></b></p>
<h2 style="padding-left: 30px; text-align: left;"><b style="font-size: 1rem;">&nbsp;Jalil Schwarz 1936 geboren in Ramla, Palästina (seit 1948 Israel) arabischer Christ. Er lebt seit 1955 in Deutschland und ist seit 1965 deutscher Staatsbürger. Mit dem deutschen Pass durfte er seine Geschwister in Ramla erst nach ca. 20 Jahre wieder besuchen. </b></h2>
<h2 style="padding-left: 30px; text-align: left;"><b style="font-size: 1rem;">Seit 1974 ist er in der Ökumene engagiert. Er half Christen aus Antiochien in der Türkei bei der Integration in Köln. Er half ihnen bei der Beschaffung und Einrichtung einer orthodoxen Kirche. </b></h2>
<h2 style="padding-left: 30px; text-align: left;"><b style="font-size: 1rem;">„Friedenskoch&#8220; wird er genannt. Seit 1985 kocht er ehrenamtlich orientalische Gerichte in ganz Deutschland für 50 bis 1000 Personen. Mit den Erlösen seiner Kochaktionen, Spenden und kirchlichen Kollekten konnte er verschiedene Friedensprojekte in Jerusalem, Bethlehem und Hebron unterstützen. In seinem Geburtsort Ramla (bei Jaffa) hat er einer christlichen Gemeinde geholfen aus einer Bauruine ein Gymnasium für 600 christliche und muslimische Schülerinnen und Schüler vom 5. bis 12. Schuljahr zu bauen und einzurichten. </b><b style="font-size: 1rem;">Er hat seinen 65. Geburtstag in Köln u.a. mit 175 Obdachlosen in Köln gefeiert. </b></h2>
<h2 style="padding-left: 30px; text-align: left;"><b style="font-size: 1rem;">Für seine Verdienste für die Verständigung von Menschen unterschiedlicher Konfessionen und Religionen, für die Unterstützung von Friedensprojekten im Heiligen Land und bei der Integration von Christen aus der Türkei in die deutsche Gesellschaft wurde ihm am 7. Februar 2001 das Verdienstkreuz&nbsp;am Bande des Verdienstordens der Bundesrepublik Deutschland vom Bundespräsidenten Johannes Rau verliehen.</b></h2>

<p>Jalil Schwarz Jalil Schwarz &#8211;&nbsp;Bundesverdienstkreuz &nbsp;Jalil Schwarz 1936 geboren in Ramla, Palästina (seit 1948 Israel) arabischer Christ. Er lebt seit 1955 in Deutschland und ist seit 1965 deutscher Staatsbürger. Mit dem deutschen Pass durfte er seine Geschwister in Ramla erst nach ca. 20 Jahre wieder besuchen. Seit 1974 ist er in der Ökumene engagiert. Er [&hellip;]</p>
