{"id":34,"date":"2014-11-15T12:34:53","date_gmt":"2014-11-15T10:34:53","guid":{"rendered":"http:\/\/friedenskoch-jalil.rhcloud.com\/?page_id=34"},"modified":"2026-03-15T17:03:54","modified_gmt":"2026-03-15T16:03:54","slug":"tabbule","status":"publish","type":"page","link":"https:\/\/www.friedenskoch.de\/?page_id=34","title":{"rendered":"Tabbule"},"content":{"rendered":"<h2 style=\"text-align: center; padding-left: 30px;\"><span style=\"color: #008000;\">\u00a0\u00a0\u00a0\u00a0\u00a0\u00a0\u00a0\u00a0\u00a0\u00a0\u00a0\u00a0\u00a0 Tabbule &#8211; K\u00f6nigin der Salate (Petersiliensalat)<\/span><\/h2>\n<h2 style=\"padding-left: 60px;\"><span style=\"color: #0000ff;\"><strong>Zutaten f\u00fcr 8 Personen<\/strong><\/span><\/h2>\n<h3 style=\"padding-left: 60px;\">1 Tasse Weizengr\u00fctze (Weizen fein gemahlen, Burghul)<br \/>\n2 Bund Fr\u00fchlingszwiebeln<br \/>\n4-5 Bund glatte Petersilie (ca. 500 g)<br \/>\n1 Bund Pfefferminze (ca. 100g)<br \/>\n1 Kg Tomaten<br \/>\n5 Zitronen (4-5 EL Zitronensaft)<br \/>\n2 Romanasalat<br \/>\n4 EL Oliven\u00f6l<br \/>\nSalz und schwarzer Pfeffer aus der M\u00fchle je nach Geschmack<\/h3>\n<h2 style=\"padding-left: 30px;\"><span style=\"color: #0000ff;\"><strong>\u00a0 Z u b e r e I t u n g :<\/strong><\/span><\/h2>\n<ul>\n<li>\n<h3>\u00a0 \u00a0 Burghul (Weizengr\u00fctze) mit kaltem Wasser \u00fcbergie\u00dfen und ca. 30 \u00a0 \u00a0 \u00a0 \u00a0 \u00a0 \u00a0 \u00a0 \u00a0 \u00a0Minuten ausquellen lassen.<\/h3>\n<ul>\n<li>\n<h3>Petersilie so zu einem kleinen B\u00fcndel zusammenfassen, dass die Bl\u00e4tter in einer H\u00f6he sind. Dann die Stiele abschneiden und die Bl\u00e4tter mit den feinen Stiele fein schneiden und dann hacken.<\/h3>\n<\/li>\n<li>\n<h3>Die Pfefferminzbl\u00e4tter von den Stielen abzupfen und fein hacken.<\/h3>\n<\/li>\n<li>\n<h3>Die Fr\u00fchlingszwiebeln putzen und waschen. Nur die wei\u00dfen und gr\u00fcnen Pflanzen verwenden und fein hacken.<\/h3>\n<\/li>\n<li>\n<h3>Die Weizengr\u00fctze gut abtropfen lassen und in eine gro\u00dfe Glassch\u00fcssel geben.<\/h3>\n<\/li>\n<li>\n<h3>5 EL Zitronensaft dar\u00fcber verteilen.<\/h3>\n<\/li>\n<li>\n<h3>Die Tomaten halbieren und den Stiehlansatz raus schneiden. Dann die Tomaten in d\u00fcnne Scheiben und in ca. 5 mm gro\u00dfe W\u00fcrfel schneiden. Diese \u00fcber den Burghul gleichm\u00e4\u00dfig verteilen.<\/h3>\n<\/li>\n<li>\n<h3>Die gehackten Petersilie, Pfefferminze und Zwiebeln \u00fcber die Tomaten geben. Nicht verr\u00fchren.<\/h3>\n<\/li>\n<li>\n<h3>Romana Salat waschen und die Bl\u00e4tter einzeln zerlegen und auf mehrere Teller verteilen.<\/h3>\n<\/li>\n<li>\n<h3>Erst kurz vor dem Servieren mit \u00d6l, Salz und Pfeffer vermischen und abschmecken. Der Salat soll etwas sauer schmecken. Er eignet sich sehr gut f\u00fcr Grillgerichte und \u00e4hnliches.<\/h3>\n<\/li>\n<li>\n<h3>Die Tabbule kann mit den Salatbl\u00e4ttern, als kleine Schiffchen ohne Besteck gegessen werden. Es schmeck sehr gut<\/h3>\n<\/li>\n<\/ul>\n<\/li>\n<\/ul>\n<h3 style=\"padding-left: 30px;\"><span style=\"color: #0000ff;\"><strong>Jalil der \u201eFriedenskoch\u201c w\u00fcnscht<br \/>\n<\/strong><\/span><span style=\"color: #0000ff;\"><strong>GUTEN APPETIT!!!<\/strong><\/span><\/h3>\n","protected":false},"excerpt":{"rendered":"<p>\u00a0\u00a0\u00a0\u00a0\u00a0\u00a0\u00a0\u00a0\u00a0\u00a0\u00a0\u00a0\u00a0 Tabbule &#8211; K\u00f6nigin der Salate (Petersiliensalat) Zutaten f\u00fcr 8 Personen 1 Tasse Weizengr\u00fctze (Weizen fein gemahlen, Burghul) 2 Bund Fr\u00fchlingszwiebeln 4-5 Bund glatte Petersilie (ca. 500 g) 1 Bund Pfefferminze (ca. 100g) 1 Kg Tomaten 5 Zitronen (4-5 EL Zitronensaft) 2 Romanasalat 4 EL Oliven\u00f6l Salz und schwarzer Pfeffer aus der M\u00fchle je nach [&hellip;]<\/p>\n","protected":false},"author":1,"featured_media":0,"parent":12,"menu_order":80,"comment_status":"closed","ping_status":"open","template":"","meta":{"footnotes":""},"class_list":["post-34","page","type-page","status-publish","hentry"],"_links":{"self":[{"href":"https:\/\/www.friedenskoch.de\/index.php?rest_route=\/wp\/v2\/pages\/34","targetHints":{"allow":["GET"]}}],"collection":[{"href":"https:\/\/www.friedenskoch.de\/index.php?rest_route=\/wp\/v2\/pages"}],"about":[{"href":"https:\/\/www.friedenskoch.de\/index.php?rest_route=\/wp\/v2\/types\/page"}],"author":[{"embeddable":true,"href":"https:\/\/www.friedenskoch.de\/index.php?rest_route=\/wp\/v2\/users\/1"}],"replies":[{"embeddable":true,"href":"https:\/\/www.friedenskoch.de\/index.php?rest_route=%2Fwp%2Fv2%2Fcomments&post=34"}],"version-history":[{"count":1,"href":"https:\/\/www.friedenskoch.de\/index.php?rest_route=\/wp\/v2\/pages\/34\/revisions"}],"predecessor-version":[{"id":1745,"href":"https:\/\/www.friedenskoch.de\/index.php?rest_route=\/wp\/v2\/pages\/34\/revisions\/1745"}],"up":[{"embeddable":true,"href":"https:\/\/www.friedenskoch.de\/index.php?rest_route=\/wp\/v2\/pages\/12"}],"wp:attachment":[{"href":"https:\/\/www.friedenskoch.de\/index.php?rest_route=%2Fwp%2Fv2%2Fmedia&parent=34"}],"curies":[{"name":"wp","href":"https:\/\/api.w.org\/{rel}","templated":true}]}}

<h2 style="text-align: center; padding-left: 30px;"><span style="color: #008000;">              Tabbule &#8211; Königin der Salate (Petersiliensalat)</span></h2>
<h2 style="padding-left: 60px;"><span style="color: #0000ff;"><strong>Zutaten für 8 Personen</strong></span></h2>
<h3 style="padding-left: 60px;">1 Tasse Weizengrütze (Weizen fein gemahlen, Burghul)<br />
2 Bund Frühlingszwiebeln<br />
4-5 Bund glatte Petersilie (ca. 500 g)<br />
1 Bund Pfefferminze (ca. 100g)<br />
1 Kg Tomaten<br />
5 Zitronen (4-5 EL Zitronensaft)<br />
2 Romanasalat<br />
4 EL Olivenöl<br />
Salz und schwarzer Pfeffer aus der Mühle je nach Geschmack</h3>
<h2 style="padding-left: 30px;"><span style="color: #0000ff;"><strong>  Z u b e r e I t u n g :</strong></span></h2>
<ul>
<li>
<h3>    Burghul (Weizengrütze) mit kaltem Wasser übergießen und ca. 30                  Minuten ausquellen lassen.</h3>
<ul>
<li>
<h3>Petersilie so zu einem kleinen Bündel zusammenfassen, dass die Blätter in einer Höhe sind. Dann die Stiele abschneiden und die Blätter mit den feinen Stiele fein schneiden und dann hacken.</h3>
</li>
<li>
<h3>Die Pfefferminzblätter von den Stielen abzupfen und fein hacken.</h3>
</li>
<li>
<h3>Die Frühlingszwiebeln putzen und waschen. Nur die weißen und grünen Pflanzen verwenden und fein hacken.</h3>
</li>
<li>
<h3>Die Weizengrütze gut abtropfen lassen und in eine große Glasschüssel geben.</h3>
</li>
<li>
<h3>5 EL Zitronensaft darüber verteilen.</h3>
</li>
<li>
<h3>Die Tomaten halbieren und den Stiehlansatz raus schneiden. Dann die Tomaten in dünne Scheiben und in ca. 5 mm große Würfel schneiden. Diese über den Burghul gleichmäßig verteilen.</h3>
</li>
<li>
<h3>Die gehackten Petersilie, Pfefferminze und Zwiebeln über die Tomaten geben. Nicht verrühren.</h3>
</li>
<li>
<h3>Romana Salat waschen und die Blätter einzeln zerlegen und auf mehrere Teller verteilen.</h3>
</li>
<li>
<h3>Erst kurz vor dem Servieren mit Öl, Salz und Pfeffer vermischen und abschmecken. Der Salat soll etwas sauer schmecken. Er eignet sich sehr gut für Grillgerichte und ähnliches.</h3>
</li>
<li>
<h3>Die Tabbule kann mit den Salatblättern, als kleine Schiffchen ohne Besteck gegessen werden. Es schmeck sehr gut</h3>
</li>
</ul>
</li>
</ul>
<h3 style="padding-left: 30px;"><span style="color: #0000ff;"><strong>Jalil der „Friedenskoch“ wünscht<br />
</strong></span><span style="color: #0000ff;"><strong>GUTEN APPETIT!!!</strong></span></h3>

<p>              Tabbule &#8211; Königin der Salate (Petersiliensalat) Zutaten für 8 Personen 1 Tasse Weizengrütze (Weizen fein gemahlen, Burghul) 2 Bund Frühlingszwiebeln 4-5 Bund glatte Petersilie (ca. 500 g) 1 Bund Pfefferminze (ca. 100g) 1 Kg Tomaten 5 Zitronen (4-5 EL Zitronensaft) 2 Romanasalat 4 EL Olivenöl Salz und schwarzer Pfeffer aus der Mühle je nach [&hellip;]</p>
