{"id":42,"date":"2014-11-15T12:36:32","date_gmt":"2014-11-15T10:36:32","guid":{"rendered":"http:\/\/friedenskoch-jalil.rhcloud.com\/?page_id=42"},"modified":"2026-03-15T17:05:34","modified_gmt":"2026-03-15T16:05:34","slug":"linsensalat","status":"publish","type":"page","link":"https:\/\/www.friedenskoch.de\/?page_id=42","title":{"rendered":"Linsensalat"},"content":{"rendered":"<h1 style=\"padding-left: 30px;\"><span style=\"color: #008000;\">L I n s e n s a l a t<\/span><\/h1>\n<h2 style=\"padding-left: 30px;\"><span style=\"color: #0000ff;\"><strong>Zutaten f\u00fcr 4 Personen<\/strong><\/span><\/h2>\n<h3 style=\"padding-left: 30px;\">150 g braune Linsen<br \/>\n3 Paprikaschoten (rot, gelb, gr\u00fcn)<br \/>\n3 Salzgurken<br \/>\n250 g feste Tomaten<br \/>\n50 g schwarze Oliven ohne Kerne<br \/>\n1 Bund Radieschen<br \/>\n1 gro\u00dfe Zwiebel<br \/>\n1 Dose Mais<br \/>\n1 TL Gem\u00fcsebr\u00fche<br \/>\n2 TL Oliven\u00f6l<br \/>\n1 EL Essig<br \/>\n\u00bd TL Kumin (Kreuzk\u00fcmmel)<br \/>\nSalz, schwarzer Pfeffer aus der M\u00fchle<\/h3>\n<h3 style=\"padding-left: 30px;\"><span style=\"color: #0000ff;\"><strong>Zubereitung:<\/strong><\/span><\/h3>\n<ul>\n<li style=\"padding-left: 30px;\">\n<h3>Die Linsen 1 Stunde lang im warmen Wasser einweichen.<\/h3>\n<\/li>\n<li style=\"padding-left: 30px;\">\n<h3>Zum Kochen bringen und dann auf kleiner Stufe 15 Minuten lang k\u00f6cheln lassen, so dass sie k\u00f6rnig und bissfest werden.<\/h3>\n<\/li>\n<li style=\"padding-left: 30px;\">\n<h3>Abtropfen und K\u00fchlstellen.<\/h3>\n<\/li>\n<li style=\"padding-left: 30px;\">\n<h3>Paprika und Tomaten in W\u00fcrfel schneiden<\/h3>\n<\/li>\n<li style=\"padding-left: 30px;\">\n<h3>Radieschen. Salzgurken, Oliven klein schneiden<\/h3>\n<\/li>\n<li style=\"padding-left: 30px;\">\n<h3>Zwiebeln fein schneiden<\/h3>\n<\/li>\n<li style=\"padding-left: 30px;\">\n<h3>Mais abtropfen lassen<\/h3>\n<\/li>\n<li style=\"padding-left: 30px;\">\n<h3>Alle Zutaten mit den Linsen(kalt) zusammen vermischen, mit \u00d6l, Salz, Essig und Pfeffer je nach Geschmack w\u00fcrzen und \u00bd Stunde ziehen lassen.<\/h3>\n<\/li>\n<\/ul>\n<h3 style=\"padding-left: 30px;\"><span style=\"color: #0000ff;\"><strong>\u00a0 \u00a0 \u00a0 \u00a0Jalil der \u201eFriedenskoch\u201c w\u00fcnscht<\/strong><\/span><br \/>\n<span style=\"color: #0000ff;\"><strong>\u00a0 \u00a0 \u00a0 GUTEN APPETIT!!!<\/strong><\/span><\/h3>\n","protected":false},"excerpt":{"rendered":"<p>L I n s e n s a l a t Zutaten f\u00fcr 4 Personen 150 g braune Linsen 3 Paprikaschoten (rot, gelb, gr\u00fcn) 3 Salzgurken 250 g feste Tomaten 50 g schwarze Oliven ohne Kerne 1 Bund Radieschen 1 gro\u00dfe Zwiebel 1 Dose Mais 1 TL Gem\u00fcsebr\u00fche 2 TL Oliven\u00f6l 1 EL Essig \u00bd [&hellip;]<\/p>\n","protected":false},"author":1,"featured_media":0,"parent":12,"menu_order":160,"comment_status":"closed","ping_status":"open","template":"","meta":{"footnotes":""},"class_list":["post-42","page","type-page","status-publish","hentry"],"_links":{"self":[{"href":"https:\/\/www.friedenskoch.de\/index.php?rest_route=\/wp\/v2\/pages\/42","targetHints":{"allow":["GET"]}}],"collection":[{"href":"https:\/\/www.friedenskoch.de\/index.php?rest_route=\/wp\/v2\/pages"}],"about":[{"href":"https:\/\/www.friedenskoch.de\/index.php?rest_route=\/wp\/v2\/types\/page"}],"author":[{"embeddable":true,"href":"https:\/\/www.friedenskoch.de\/index.php?rest_route=\/wp\/v2\/users\/1"}],"replies":[{"embeddable":true,"href":"https:\/\/www.friedenskoch.de\/index.php?rest_route=%2Fwp%2Fv2%2Fcomments&post=42"}],"version-history":[{"count":1,"href":"https:\/\/www.friedenskoch.de\/index.php?rest_route=\/wp\/v2\/pages\/42\/revisions"}],"predecessor-version":[{"id":1749,"href":"https:\/\/www.friedenskoch.de\/index.php?rest_route=\/wp\/v2\/pages\/42\/revisions\/1749"}],"up":[{"embeddable":true,"href":"https:\/\/www.friedenskoch.de\/index.php?rest_route=\/wp\/v2\/pages\/12"}],"wp:attachment":[{"href":"https:\/\/www.friedenskoch.de\/index.php?rest_route=%2Fwp%2Fv2%2Fmedia&parent=42"}],"curies":[{"name":"wp","href":"https:\/\/api.w.org\/{rel}","templated":true}]}}

<h1 style="padding-left: 30px;"><span style="color: #008000;">L I n s e n s a l a t</span></h1>
<h2 style="padding-left: 30px;"><span style="color: #0000ff;"><strong>Zutaten für 4 Personen</strong></span></h2>
<h3 style="padding-left: 30px;">150 g braune Linsen<br />
3 Paprikaschoten (rot, gelb, grün)<br />
3 Salzgurken<br />
250 g feste Tomaten<br />
50 g schwarze Oliven ohne Kerne<br />
1 Bund Radieschen<br />
1 große Zwiebel<br />
1 Dose Mais<br />
1 TL Gemüsebrühe<br />
2 TL Olivenöl<br />
1 EL Essig<br />
½ TL Kumin (Kreuzkümmel)<br />
Salz, schwarzer Pfeffer aus der Mühle</h3>
<h3 style="padding-left: 30px;"><span style="color: #0000ff;"><strong>Zubereitung:</strong></span></h3>
<ul>
<li style="padding-left: 30px;">
<h3>Die Linsen 1 Stunde lang im warmen Wasser einweichen.</h3>
</li>
<li style="padding-left: 30px;">
<h3>Zum Kochen bringen und dann auf kleiner Stufe 15 Minuten lang köcheln lassen, so dass sie körnig und bissfest werden.</h3>
</li>
<li style="padding-left: 30px;">
<h3>Abtropfen und Kühlstellen.</h3>
</li>
<li style="padding-left: 30px;">
<h3>Paprika und Tomaten in Würfel schneiden</h3>
</li>
<li style="padding-left: 30px;">
<h3>Radieschen. Salzgurken, Oliven klein schneiden</h3>
</li>
<li style="padding-left: 30px;">
<h3>Zwiebeln fein schneiden</h3>
</li>
<li style="padding-left: 30px;">
<h3>Mais abtropfen lassen</h3>
</li>
<li style="padding-left: 30px;">
<h3>Alle Zutaten mit den Linsen(kalt) zusammen vermischen, mit Öl, Salz, Essig und Pfeffer je nach Geschmack würzen und ½ Stunde ziehen lassen.</h3>
</li>
</ul>
<h3 style="padding-left: 30px;"><span style="color: #0000ff;"><strong>       Jalil der „Friedenskoch“ wünscht</strong></span><br />
<span style="color: #0000ff;"><strong>      GUTEN APPETIT!!!</strong></span></h3>

<p>L I n s e n s a l a t Zutaten für 4 Personen 150 g braune Linsen 3 Paprikaschoten (rot, gelb, grün) 3 Salzgurken 250 g feste Tomaten 50 g schwarze Oliven ohne Kerne 1 Bund Radieschen 1 große Zwiebel 1 Dose Mais 1 TL Gemüsebrühe 2 TL Olivenöl 1 EL Essig ½ [&hellip;]</p>
