{"id":50,"date":"2014-11-15T12:39:29","date_gmt":"2014-11-15T10:39:29","guid":{"rendered":"http:\/\/friedenskoch-jalil.rhcloud.com\/?page_id=50"},"modified":"2014-11-15T12:39:29","modified_gmt":"2014-11-15T10:39:29","slug":"der-traum","status":"publish","type":"page","link":"https:\/\/www.friedenskoch.de\/?page_id=50","title":{"rendered":"Der Traum"},"content":{"rendered":"<h1 style=\"padding-left: 30px;\"><span style=\"color: #008000;\"><strong>Friede sei mit Dir! &nbsp; &nbsp;&nbsp;<\/strong><strong>\u0627\u0644\u0633\u0644\u0627\u0645 \u0639\u0644\u064a\u0643\u0645<\/strong><strong>&nbsp;&nbsp; <\/strong><\/span><\/h1>\n<h3 style=\"padding-left: 30px; text-align: justify;\">\u201eShalom\u201c, begr\u00fc\u00dft eine j\u00fcdische Mutter ihre arabische Nachbarin. \u201eAssalamu alaikum\u201c, antwortet diese. Sie plaudern ein wenig \u00fcber ihre Kinder, die sie gerade in den interreligi\u00f6sen Kindergarten gebracht haben, w\u00e4hrend die Kinder anfangen, miteinander zu spielen.<\/h3>\n<h2 style=\"padding-left: 30px;\"><span style=\"color: #0000ff;\">\u201e<strong>Friede sei mit Dir\u201c \u2013 Ein Traum?<\/strong><\/span><\/h2>\n<h2 style=\"padding-left: 30px;\">Den Traum, dass dieser Friedensgru\u00df zwischen Juden und Arabern wieder ganz normal ausgetauscht wird, wollen der Verein Abrahamszelt e.V. gemeinsam mit ihrem Vorsitzen-den, \u201eFriedenskoch\u201c Jalil Schwarz, endlich Wirklichkeit werden lassen.<\/h2>\n<h2 style=\"text-align: justify; padding-left: 30px;\">Die Errichtung einer Fachstelle f\u00fcr bilinguale und multikulturelle Bildung im Kindergarten ist dank tatkr\u00e4ftiger Unterst\u00fctzer unserer Spender zum Greifen nah. Hier sollen die Kinder von klein auf lernen, sich gegenseitig zu akzeptieren und zu verstehen: Ein Eckpfeiler f\u00fcr ein friedliches Zusammenleben!<\/h2>\n<p style=\"text-align: center; padding-left: 30px;\"><a href=\"https:\/\/www.friedenskoch.de\/wordpress_de\/wp-content\/uploads\/2014\/11\/Haifa-Christmas-2013.jpg\"><img loading=\"lazy\" decoding=\"async\" class=\"alignnone size-full wp-image-80 aligncenter\" src=\"https:\/\/www.friedenskoch.de\/wordpress_de\/wp-content\/uploads\/2014\/11\/Haifa-Christmas-2013.jpg\" alt=\"Haifa Christmas 2013\" width=\"960\" height=\"637\"><\/a><span style=\"color: #0000ff;\">Vorbereitung auf das Weihnachtsfest &#8211;&nbsp;j\u00fcdische, christliche und muslimische Kinder feiern zusammen<\/span><\/p>\n<p style=\"padding-left: 30px;\">&nbsp;<\/p>\n","protected":false},"excerpt":{"rendered":"<p>Friede sei mit Dir! &nbsp; &nbsp;&nbsp;\u0627\u0644\u0633\u0644\u0627\u0645 \u0639\u0644\u064a\u0643\u0645&nbsp;&nbsp; \u201eShalom\u201c, begr\u00fc\u00dft eine j\u00fcdische Mutter ihre arabische Nachbarin. \u201eAssalamu alaikum\u201c, antwortet diese. Sie plaudern ein wenig \u00fcber ihre Kinder, die sie gerade in den interreligi\u00f6sen Kindergarten gebracht haben, w\u00e4hrend die Kinder anfangen, miteinander zu spielen. \u201eFriede sei mit Dir\u201c \u2013 Ein Traum? Den Traum, dass dieser Friedensgru\u00df zwischen [&hellip;]<\/p>\n","protected":false},"author":1,"featured_media":0,"parent":46,"menu_order":20,"comment_status":"closed","ping_status":"open","template":"","meta":{"footnotes":""},"class_list":["post-50","page","type-page","status-publish","hentry"],"_links":{"self":[{"href":"https:\/\/www.friedenskoch.de\/index.php?rest_route=\/wp\/v2\/pages\/50","targetHints":{"allow":["GET"]}}],"collection":[{"href":"https:\/\/www.friedenskoch.de\/index.php?rest_route=\/wp\/v2\/pages"}],"about":[{"href":"https:\/\/www.friedenskoch.de\/index.php?rest_route=\/wp\/v2\/types\/page"}],"author":[{"embeddable":true,"href":"https:\/\/www.friedenskoch.de\/index.php?rest_route=\/wp\/v2\/users\/1"}],"replies":[{"embeddable":true,"href":"https:\/\/www.friedenskoch.de\/index.php?rest_route=%2Fwp%2Fv2%2Fcomments&post=50"}],"version-history":[{"count":0,"href":"https:\/\/www.friedenskoch.de\/index.php?rest_route=\/wp\/v2\/pages\/50\/revisions"}],"up":[{"embeddable":true,"href":"https:\/\/www.friedenskoch.de\/index.php?rest_route=\/wp\/v2\/pages\/46"}],"wp:attachment":[{"href":"https:\/\/www.friedenskoch.de\/index.php?rest_route=%2Fwp%2Fv2%2Fmedia&parent=50"}],"curies":[{"name":"wp","href":"https:\/\/api.w.org\/{rel}","templated":true}]}}