{"id":56,"date":"2014-11-15T12:40:31","date_gmt":"2014-11-15T10:40:31","guid":{"rendered":"http:\/\/friedenskoch-jalil.rhcloud.com\/?page_id=56"},"modified":"2014-11-15T12:40:31","modified_gmt":"2014-11-15T10:40:31","slug":"der-verein","status":"publish","type":"page","link":"https:\/\/www.friedenskoch.de\/?page_id=56","title":{"rendered":"Der Verein"},"content":{"rendered":"<h1 style=\"text-align: center;\"><span style=\"color: #008000;\">\u201eVon Mensch zu Mensch eine Br\u00fccke bauen\u201c<\/span><\/h1>\n<h2 style=\"padding-left: 30px; text-align: center;\"><span style=\"color: #0000ff;\">Frieden im Heiligen Land &#8211;&nbsp; wer hofft nicht, dass&nbsp; Israelis und Pal\u00e4stinenser zu einer wirklichen Vers\u00f6hnung finden. Bis dahin sind noch viele Br\u00fccken der Verst\u00e4ndigung zu bauen<\/span><\/h2>\n<h3 style=\"padding-left: 30px; text-align: justify;\">Um das Ziel der V\u00f6lkerverst\u00e4ndigung und des friedlichen Zusammen-lebens besonders von Kindern verschiedener Religionen zweckgerichtet zu f\u00f6rdern, wurde am 1. April 2003 der gemeinn\u00fctzige Verein \u201eABRAHAMSZELT &#8211; Freunde und F\u00f6rderer der interreligi\u00f6sen Erziehung von Kindern in Israel e.V.\u201c gegr\u00fcndet, um die bisherigen Hilfsma\u00dfnahmen von Jalil Schwarz auf eine breitere Basis zustellen und zielgerichtet zu b\u00fcndeln. Es entwickelte sich die Idee, den Bau eines interreligi\u00f6sen Kindergartens zu f\u00f6rdern. Hierzu wurden verschiedene Projekte in Ramla, Lod und Neve Shalom entwickelt, die sich jedoch nicht verwirklichen lie\u00dfen (siehe Projekte). Der Verein hat sich daher bem\u00fcht, einen anderen Ansatz zu finden, um das Ziel des friedlichen Zusammenlebens bereits im Kindergarten weiterhin zu verfolgen. Wir haben uns mit der Unterst\u00fctzung von Kindermissionswerk&nbsp;<a href=\"http:\/\/www.sternsinger.org\/projekte\/afrika\/israel-kindergartenerziehung.html\"><span style=\"color: #0000ff;\"><strong>\u201eDie Sternsinger<span style=\"text-decoration: underline;\">\u201c<\/span><\/strong><\/span><\/a> f\u00fcr ein Projekt zur Finanzierung eines Programms zur Aus \u2013 und Fortbildung von Erziehern f\u00fcr bilinguale und multikulturelle Bildung im Kindergarten entschieden. Dies wird mit der Einrichtung einer entsprechenden Fachstelle, die durch die Organisation&nbsp;<strong><span style=\"color: #0000ff;\"><a style=\"color: #0000ff;\" href=\"http:\/\/www.handinhandk12.org\/\">\u201eHand in Hand\u201c<\/a><\/span><\/strong>&nbsp;(Zentrum f\u00fcr j\u00fcdisch &#8211; arabische Erziehung in Israel (www.handinhandk12.org) in Jerusalem erfolgt, durchgef\u00fchrt. Die Errichtung einer Fachstelle f\u00fcr bilinguale und multikulturelle Bildung im Kindergarten ist dank tatkr\u00e4ftiger Unterst\u00fctzer unserer Spender zum Greifen nah. Hier sollen die Kinder von klein auf lernen,sich gegenseitig zu akzeptieren und zu verstehen: Ein Eckpfeiler f\u00fcr ein friedliches Zusammenleben!<\/h3>\n<h1 style=\"text-align: center; padding-left: 30px;\"><span style=\"color: #008000;\"><strong>Kinder bauen Br\u00fccken<\/strong><\/span><\/h1>\n<h1 style=\"text-align: center; padding-left: 30px;\"><img loading=\"lazy\" decoding=\"async\" class=\"aligncenter size-large wp-image-1067\" src=\"https:\/\/www.friedenskoch.de\/wordpress_de\/wp-content\/uploads\/2018\/02\/Jerusalem-classroom-photo-1024x683.jpg\" alt=\"\" width=\"625\" height=\"417\" srcset=\"https:\/\/www.friedenskoch.de\/wp-content\/uploads\/2018\/02\/Jerusalem-classroom-photo-1024x683.jpg 1024w, https:\/\/www.friedenskoch.de\/wp-content\/uploads\/2018\/02\/Jerusalem-classroom-photo-300x200.jpg 300w, https:\/\/www.friedenskoch.de\/wp-content\/uploads\/2018\/02\/Jerusalem-classroom-photo-768x512.jpg 768w, https:\/\/www.friedenskoch.de\/wp-content\/uploads\/2018\/02\/Jerusalem-classroom-photo.jpg 1500w\" sizes=\"auto, (max-width: 625px) 100vw, 625px\" \/><\/h1>\n<h3 style=\"padding-left: 30px;\"><span style=\"color: #0000ff;\"><strong><br \/>\nVorstand<\/strong><strong>: &nbsp;<\/strong><span style=\"color: #000000;\">Jalil Schwarz &nbsp;* &nbsp;Ludger Petersmann,&nbsp;<\/span><\/span>* &nbsp;Joachim Franck.<\/h3>\n<h3 style=\"padding-left: 30px;\"><span style=\"color: #0000ff;\"><strong>Kuratorium<\/strong><\/span>: Daniel Barenboim, Dirigent und Pianist; Dr. Reiner Bernstein, Politologe; Renate Canisius, ehemals B\u00fcrgermeisterin der Stadt K\u00f6ln; Pfarrer Ernst Fey, ehemals Stadtsuperintendent K\u00f6ln; Pfarrer Manfred Kock, ehemals Pr\u00e4ses und EKD Ratzvorsitzender; Prof. Dr.- Ing. G. Minke, Architekt; Richard Nobis, Direktor der Pax-Bank, K\u00f6ln; Hermann Sieben; Msgr. Winfried Pilz, ehemals Pr\u00e4sident \u201edie Sternsinger Aachen\u201c;<br \/>\nShimrit Schreiber (H\u00e4rtl), Deutsch-Hebr\u00e4isch \u00dcbersetzerin.<\/h3>\n<p>&nbsp;<\/p>\n<p style=\"padding-left: 30px;\">&nbsp;<\/p>\n","protected":false},"excerpt":{"rendered":"<p>\u201eVon Mensch zu Mensch eine Br\u00fccke bauen\u201c Frieden im Heiligen Land &#8211;&nbsp; wer hofft nicht, dass&nbsp; Israelis und Pal\u00e4stinenser zu einer wirklichen Vers\u00f6hnung finden. Bis dahin sind noch viele Br\u00fccken der Verst\u00e4ndigung zu bauen Um das Ziel der V\u00f6lkerverst\u00e4ndigung und des friedlichen Zusammen-lebens besonders von Kindern verschiedener Religionen zweckgerichtet zu f\u00f6rdern, wurde am 1. April [&hellip;]<\/p>\n","protected":false},"author":1,"featured_media":0,"parent":46,"menu_order":100,"comment_status":"closed","ping_status":"open","template":"","meta":{"footnotes":""},"class_list":["post-56","page","type-page","status-publish","hentry"],"_links":{"self":[{"href":"https:\/\/www.friedenskoch.de\/index.php?rest_route=\/wp\/v2\/pages\/56","targetHints":{"allow":["GET"]}}],"collection":[{"href":"https:\/\/www.friedenskoch.de\/index.php?rest_route=\/wp\/v2\/pages"}],"about":[{"href":"https:\/\/www.friedenskoch.de\/index.php?rest_route=\/wp\/v2\/types\/page"}],"author":[{"embeddable":true,"href":"https:\/\/www.friedenskoch.de\/index.php?rest_route=\/wp\/v2\/users\/1"}],"replies":[{"embeddable":true,"href":"https:\/\/www.friedenskoch.de\/index.php?rest_route=%2Fwp%2Fv2%2Fcomments&post=56"}],"version-history":[{"count":0,"href":"https:\/\/www.friedenskoch.de\/index.php?rest_route=\/wp\/v2\/pages\/56\/revisions"}],"up":[{"embeddable":true,"href":"https:\/\/www.friedenskoch.de\/index.php?rest_route=\/wp\/v2\/pages\/46"}],"wp:attachment":[{"href":"https:\/\/www.friedenskoch.de\/index.php?rest_route=%2Fwp%2Fv2%2Fmedia&parent=56"}],"curies":[{"name":"wp","href":"https:\/\/api.w.org\/{rel}","templated":true}]}}

<h1 style="text-align: center;"><span style="color: #008000;">„Von Mensch zu Mensch eine Brücke bauen“</span></h1>
<h2 style="padding-left: 30px; text-align: center;"><span style="color: #0000ff;">Frieden im Heiligen Land &#8211;&nbsp; wer hofft nicht, dass&nbsp; Israelis und Palästinenser zu einer wirklichen Versöhnung finden. Bis dahin sind noch viele Brücken der Verständigung zu bauen</span></h2>
<h3 style="padding-left: 30px; text-align: justify;">Um das Ziel der Völkerverständigung und des friedlichen Zusammen-lebens besonders von Kindern verschiedener Religionen zweckgerichtet zu fördern, wurde am 1. April 2003 der gemeinnützige Verein „ABRAHAMSZELT &#8211; Freunde und Förderer der interreligiösen Erziehung von Kindern in Israel e.V.“ gegründet, um die bisherigen Hilfsmaßnahmen von Jalil Schwarz auf eine breitere Basis zustellen und zielgerichtet zu bündeln. Es entwickelte sich die Idee, den Bau eines interreligiösen Kindergartens zu fördern. Hierzu wurden verschiedene Projekte in Ramla, Lod und Neve Shalom entwickelt, die sich jedoch nicht verwirklichen ließen (siehe Projekte). Der Verein hat sich daher bemüht, einen anderen Ansatz zu finden, um das Ziel des friedlichen Zusammenlebens bereits im Kindergarten weiterhin zu verfolgen. Wir haben uns mit der Unterstützung von Kindermissionswerk&nbsp;<a href="http://www.sternsinger.org/projekte/afrika/israel-kindergartenerziehung.html"><span style="color: #0000ff;"><strong>„Die Sternsinger<span style="text-decoration: underline;">“</span></strong></span></a> für ein Projekt zur Finanzierung eines Programms zur Aus – und Fortbildung von Erziehern für bilinguale und multikulturelle Bildung im Kindergarten entschieden. Dies wird mit der Einrichtung einer entsprechenden Fachstelle, die durch die Organisation&nbsp;<strong><span style="color: #0000ff;"><a style="color: #0000ff;" href="http://www.handinhandk12.org/">„Hand in Hand“</a></span></strong>&nbsp;(Zentrum für jüdisch &#8211; arabische Erziehung in Israel (www.handinhandk12.org) in Jerusalem erfolgt, durchgeführt. Die Errichtung einer Fachstelle für bilinguale und multikulturelle Bildung im Kindergarten ist dank tatkräftiger Unterstützer unserer Spender zum Greifen nah. Hier sollen die Kinder von klein auf lernen,sich gegenseitig zu akzeptieren und zu verstehen: Ein Eckpfeiler für ein friedliches Zusammenleben!</h3>
<h1 style="text-align: center; padding-left: 30px;"><span style="color: #008000;"><strong>Kinder bauen Brücken</strong></span></h1>
<h1 style="text-align: center; padding-left: 30px;"><img loading="lazy" decoding="async" class="aligncenter size-large wp-image-1067" src="https://www.friedenskoch.de/wordpress_de/wp-content/uploads/2018/02/Jerusalem-classroom-photo-1024x683.jpg" alt="" width="625" height="417" srcset="https://www.friedenskoch.de/wp-content/uploads/2018/02/Jerusalem-classroom-photo-1024x683.jpg 1024w, https://www.friedenskoch.de/wp-content/uploads/2018/02/Jerusalem-classroom-photo-300x200.jpg 300w, https://www.friedenskoch.de/wp-content/uploads/2018/02/Jerusalem-classroom-photo-768x512.jpg 768w, https://www.friedenskoch.de/wp-content/uploads/2018/02/Jerusalem-classroom-photo.jpg 1500w" sizes="auto, (max-width: 625px) 100vw, 625px" /></h1>
<h3 style="padding-left: 30px;"><span style="color: #0000ff;"><strong><br />
Vorstand</strong><strong>: &nbsp;</strong><span style="color: #000000;">Jalil Schwarz &nbsp;* &nbsp;Ludger Petersmann,&nbsp;</span></span>* &nbsp;Joachim Franck.</h3>
<h3 style="padding-left: 30px;"><span style="color: #0000ff;"><strong>Kuratorium</strong></span>: Daniel Barenboim, Dirigent und Pianist; Dr. Reiner Bernstein, Politologe; Renate Canisius, ehemals Bürgermeisterin der Stadt Köln; Pfarrer Ernst Fey, ehemals Stadtsuperintendent Köln; Pfarrer Manfred Kock, ehemals Präses und EKD Ratzvorsitzender; Prof. Dr.- Ing. G. Minke, Architekt; Richard Nobis, Direktor der Pax-Bank, Köln; Hermann Sieben; Msgr. Winfried Pilz, ehemals Präsident „die Sternsinger Aachen“;<br />
Shimrit Schreiber (Härtl), Deutsch-Hebräisch Übersetzerin.</h3>
<p>&nbsp;</p>
<p style="padding-left: 30px;">&nbsp;</p>

<p>„Von Mensch zu Mensch eine Brücke bauen“ Frieden im Heiligen Land &#8211;&nbsp; wer hofft nicht, dass&nbsp; Israelis und Palästinenser zu einer wirklichen Versöhnung finden. Bis dahin sind noch viele Brücken der Verständigung zu bauen Um das Ziel der Völkerverständigung und des friedlichen Zusammen-lebens besonders von Kindern verschiedener Religionen zweckgerichtet zu fördern, wurde am 1. April [&hellip;]</p>
