{"id":62,"date":"2014-11-15T12:44:22","date_gmt":"2014-11-15T10:44:22","guid":{"rendered":"http:\/\/friedenskoch-jalil.rhcloud.com\/?page_id=62"},"modified":"2014-11-15T12:44:22","modified_gmt":"2014-11-15T10:44:22","slug":"gymnasium-fuer-ramle","status":"publish","type":"page","link":"https:\/\/www.friedenskoch.de\/?page_id=62","title":{"rendered":"Gymnasium f\u00fcr Ramla"},"content":{"rendered":"<h3 style=\"text-align: justify; padding-left: 60px;\">Zum Bau des Gymnasiums m\u00f6chte ich eine kleine Begebenheit erz\u00e4hlen: schon im Jahre 1985 stellte ich fest, dass das Schulniveau in den israelisch-arabischen Schulen niedriger war als in den j\u00fcdischen Schulen. Ich stellte seinerzeit einem M\u00e4dchen im 5. Schuljahr folgende Rechenaufgabe: Wie viel sind 6 x 7. Sie sagte \u201edas haben wir noch nicht gelernt\u201c. &#8222;Aber addieren kannst du sicher gut?\u201c \u201eJa das kann ich\u201c \u201eWie viel sind 12 + 13?\u201c \u201e Mmh, 27?\u201c&#8230;. Das hat mich nachdenklich gemacht.<\/h3>\n<h4 style=\"padding-left: 60px;\"><a href=\"https:\/\/www.friedenskoch.de\/wordpress_de\/wp-content\/uploads\/2014\/11\/Gymn_w5.jpg\"><img loading=\"lazy\" decoding=\"async\" class=\"aligncenter wp-image-235\" src=\"https:\/\/www.friedenskoch.de\/wordpress_de\/wp-content\/uploads\/2014\/11\/Gymn_w5.jpg\" alt=\"Gymn_w5\" width=\"426\" height=\"712\"><\/a><\/h4>\n<h3 style=\"text-align: justify; padding-left: 60px;\">Als das Gemeindezentrum im Jahr 1991 fertig gebaut war, kam mir das junge M\u00e4dchen in den Sinn, das noch nicht mal addieren konnte. Damit die jungen Leute bessere Zukunftsperspektiven haben und um sie zu bewegen, im Lande als \u201elebendige Steine\u201c zu bleiben und auch zum Wohl der Gemeinschaft beizutragen, brauchen sie dringend eine bessere Schulbildung. So wurde es auch im Gemeinderat gesehen, und beschlossen, mit meiner finanziellen Unterst\u00fctzung das Gemeinde-zentrum um zwei Stockwerke zu erweitern, aufzustocken und zu&nbsp; einem Gymnasium zu machen.<\/h3>\n<h4 style=\"padding-left: 90px;\"><img loading=\"lazy\" decoding=\"async\" class=\"wp-image-236 aligncenter\" src=\"https:\/\/www.friedenskoch.de\/wordpress_de\/wp-content\/uploads\/2014\/11\/Gymnasium_w.jpg\" alt=\"Gymnasium_w\" width=\"501\" height=\"659\"><\/h4>\n<h3 style=\"text-align: justify; padding-left: 60px;\">Ich habe daf\u00fcr gesorgt, das Gymnasium mit 10 kompletten Sch\u00fcler\u00fcbungsger\u00e4ten&nbsp;f\u00fcr den Physik-, Biologie- und Chemie- Unterricht im Wert von ca. 90.000 DM (ca. 45.000 US $) &nbsp;ausgestattet wurde. Au\u00dferdem konnte ich gebrauchte St\u00fchle, 7 Singer-N\u00e4hmaschinen und verschiedene Sportger\u00e4te beschaffen.<br \/>\nDank gro\u00dfz\u00fcgiger Spenden (eine anonyme Spende sogar in H\u00f6he von 40.000,&#8211; DM), Kollekten, der Eigeninitiative der Christen von Ramla, sowie der Erl\u00f6se aus meinen Koch-Aktionen wurde 1994 dieses Gymnasium fertig gebaut, eingerichtet und eingeweiht.<br \/>\nEine Woche darauf beehrte der damalige Alt-Pr\u00e4ses und EKD-Vorsitzende Pfarrer Manfred Kock diese Schule mit seinem Besuch.<br \/>\nDas Gymnasium besuchen derzeit \u00fcber 600 christliche und &nbsp;muslimische Sch\u00fclerinnen und Sch\u00fcler vom 5. bis 12. Schuljahr. Das Schulniveau ist hoch und die Schule genie\u00dft ein hohes Ansehen in der ganzen Umgebung.<\/h3>\n<p>&nbsp;<\/p>\n<p style=\"text-align: center;\"><img loading=\"lazy\" decoding=\"async\" class=\"wp-image-1060 aligncenter\" src=\"https:\/\/www.friedenskoch.de\/wordpress_de\/wp-content\/uploads\/2018\/02\/Einweihung-des-Gymnasiums-1_10_1994-1024x745.jpg\" alt=\"\" width=\"498\" height=\"363\" srcset=\"https:\/\/www.friedenskoch.de\/wp-content\/uploads\/2018\/02\/Einweihung-des-Gymnasiums-1_10_1994-1024x745.jpg 1024w, https:\/\/www.friedenskoch.de\/wp-content\/uploads\/2018\/02\/Einweihung-des-Gymnasiums-1_10_1994-300x218.jpg 300w, https:\/\/www.friedenskoch.de\/wp-content\/uploads\/2018\/02\/Einweihung-des-Gymnasiums-1_10_1994-768x558.jpg 768w, https:\/\/www.friedenskoch.de\/wp-content\/uploads\/2018\/02\/Einweihung-des-Gymnasiums-1_10_1994-1536x1117.jpg 1536w, https:\/\/www.friedenskoch.de\/wp-content\/uploads\/2018\/02\/Einweihung-des-Gymnasiums-1_10_1994-2048x1489.jpg 2048w\" sizes=\"auto, (max-width: 498px) 100vw, 498px\" \/>&nbsp; &nbsp; &nbsp; &nbsp; &nbsp; &nbsp;Pr\u00e4ses Manfred Kock und Pfarrerin Renate Graffmann&nbsp;(von Links)<\/p>\n","protected":false},"excerpt":{"rendered":"<p>Zum Bau des Gymnasiums m\u00f6chte ich eine kleine Begebenheit erz\u00e4hlen: schon im Jahre 1985 stellte ich fest, dass das Schulniveau in den israelisch-arabischen Schulen niedriger war als in den j\u00fcdischen Schulen. Ich stellte seinerzeit einem M\u00e4dchen im 5. Schuljahr folgende Rechenaufgabe: Wie viel sind 6 x 7. Sie sagte \u201edas haben wir noch nicht gelernt\u201c. [&hellip;]<\/p>\n","protected":false},"author":1,"featured_media":0,"parent":8,"menu_order":20,"comment_status":"closed","ping_status":"open","template":"","meta":{"footnotes":""},"class_list":["post-62","page","type-page","status-publish","hentry"],"_links":{"self":[{"href":"https:\/\/www.friedenskoch.de\/index.php?rest_route=\/wp\/v2\/pages\/62","targetHints":{"allow":["GET"]}}],"collection":[{"href":"https:\/\/www.friedenskoch.de\/index.php?rest_route=\/wp\/v2\/pages"}],"about":[{"href":"https:\/\/www.friedenskoch.de\/index.php?rest_route=\/wp\/v2\/types\/page"}],"author":[{"embeddable":true,"href":"https:\/\/www.friedenskoch.de\/index.php?rest_route=\/wp\/v2\/users\/1"}],"replies":[{"embeddable":true,"href":"https:\/\/www.friedenskoch.de\/index.php?rest_route=%2Fwp%2Fv2%2Fcomments&post=62"}],"version-history":[{"count":0,"href":"https:\/\/www.friedenskoch.de\/index.php?rest_route=\/wp\/v2\/pages\/62\/revisions"}],"up":[{"embeddable":true,"href":"https:\/\/www.friedenskoch.de\/index.php?rest_route=\/wp\/v2\/pages\/8"}],"wp:attachment":[{"href":"https:\/\/www.friedenskoch.de\/index.php?rest_route=%2Fwp%2Fv2%2Fmedia&parent=62"}],"curies":[{"name":"wp","href":"https:\/\/api.w.org\/{rel}","templated":true}]}}