{"id":66,"date":"2014-11-15T12:46:13","date_gmt":"2014-11-15T10:46:13","guid":{"rendered":"http:\/\/friedenskoch-jalil.rhcloud.com\/?page_id=66"},"modified":"2026-03-15T16:59:11","modified_gmt":"2026-03-15T15:59:11","slug":"frauenverein","status":"publish","type":"page","link":"https:\/\/www.friedenskoch.de\/?page_id=66","title":{"rendered":"Frauenverein"},"content":{"rendered":"<h2 style=\"padding-left: 30px;\"><span style=\"color: #008000;\">\u201eSalben tragenden Frauen Verein\u201c<br \/>\n<\/span><\/h2>\n<h2 style=\"padding-left: 30px;\"><span style=\"color: #0000ff;\">(Djamiat hamilat al-tieb \u062c\u0645\u0639\u064a\u0629 \u062d\u0627\u0645\u0644\u0627\u062a \u0627\u0644\u0637\u064a\u0628)<\/span><\/h2>\n<h3 style=\"text-align: justify; padding-left: 30px;\">Dieser Verein betreut in der Altstadt von Jerusalem alleinstehende Frauen, Waisen M\u00e4dchen und Witwen. Man bringt ihnen N\u00e4hen und Besticken von traditionellen pal\u00e4stinensischen Kleidern bei. Sie werden au\u00dferdem medizinisch betreut. Ich konnte ihnen 12 gut \u00fcberholte mechanische Singer-N\u00e4hmaschinen beschaffen, habe ihnen Kleider abgekauft und f\u00fcr sie weiter verkauft. Ich besorgte gebrauchte Laborger\u00e4te zur Blutuntersuchung und au\u00dferdem ca. 80 Kg Medikamente. Diese Medikamente wurden in jeweils 500-Gramm-P\u00e4ckchen aufgeteilt und durch mehrere Pilgergruppen nach Jerusalem gebracht. Auf diese Art und Weise konnte diese Sozialstation von verschiedenen Pilgergruppen besucht und unterst\u00fctzt werden.<\/h3>\n<p>&nbsp;<\/p>\n","protected":false},"excerpt":{"rendered":"<p>\u201eSalben tragenden Frauen Verein\u201c (Djamiat hamilat al-tieb \u062c\u0645\u0639\u064a\u0629 \u062d\u0627\u0645\u0644\u0627\u062a \u0627\u0644\u0637\u064a\u0628) Dieser Verein betreut in der Altstadt von Jerusalem alleinstehende Frauen, Waisen M\u00e4dchen und Witwen. Man bringt ihnen N\u00e4hen und Besticken von traditionellen pal\u00e4stinensischen Kleidern bei. Sie werden au\u00dferdem medizinisch betreut. Ich konnte ihnen 12 gut \u00fcberholte mechanische Singer-N\u00e4hmaschinen beschaffen, habe ihnen Kleider abgekauft und f\u00fcr [&hellip;]<\/p>\n","protected":false},"author":1,"featured_media":0,"parent":8,"menu_order":80,"comment_status":"closed","ping_status":"open","template":"","meta":{"footnotes":""},"class_list":["post-66","page","type-page","status-publish","hentry"],"_links":{"self":[{"href":"https:\/\/www.friedenskoch.de\/index.php?rest_route=\/wp\/v2\/pages\/66","targetHints":{"allow":["GET"]}}],"collection":[{"href":"https:\/\/www.friedenskoch.de\/index.php?rest_route=\/wp\/v2\/pages"}],"about":[{"href":"https:\/\/www.friedenskoch.de\/index.php?rest_route=\/wp\/v2\/types\/page"}],"author":[{"embeddable":true,"href":"https:\/\/www.friedenskoch.de\/index.php?rest_route=\/wp\/v2\/users\/1"}],"replies":[{"embeddable":true,"href":"https:\/\/www.friedenskoch.de\/index.php?rest_route=%2Fwp%2Fv2%2Fcomments&post=66"}],"version-history":[{"count":1,"href":"https:\/\/www.friedenskoch.de\/index.php?rest_route=\/wp\/v2\/pages\/66\/revisions"}],"predecessor-version":[{"id":1739,"href":"https:\/\/www.friedenskoch.de\/index.php?rest_route=\/wp\/v2\/pages\/66\/revisions\/1739"}],"up":[{"embeddable":true,"href":"https:\/\/www.friedenskoch.de\/index.php?rest_route=\/wp\/v2\/pages\/8"}],"wp:attachment":[{"href":"https:\/\/www.friedenskoch.de\/index.php?rest_route=%2Fwp%2Fv2%2Fmedia&parent=66"}],"curies":[{"name":"wp","href":"https:\/\/api.w.org\/{rel}","templated":true}]}}