{"id":8,"date":"2014-11-15T12:26:37","date_gmt":"2014-11-15T10:26:37","guid":{"rendered":"http:\/\/friedenskoch-jalil.rhcloud.com\/?page_id=8"},"modified":"2026-03-17T14:48:24","modified_gmt":"2026-03-17T13:48:24","slug":"projekte","status":"publish","type":"page","link":"https:\/\/www.friedenskoch.de\/?page_id=8","title":{"rendered":"Projekte"},"content":{"rendered":"<p><a href=\"https:\/\/www.friedenskoch.de\/?page_id=22\">Das urspr\u00fcngliche Projekt: Der interreligi\u00f6se Kindergarten<\/a><\/p>\n<p>Unsere abgeschlossenen Projekte:<\/p>\n<ul>\n<li><a href=\"https:\/\/www.friedenskoch.de\/?page_id=60\">Gemeindezentrum in Ramla<\/a><\/li>\n<li><a href=\"https:\/\/www.friedenskoch.de\/?page_id=62\">Gymnasium f\u00fcr Ramla<\/a><\/li>\n<li><a href=\"https:\/\/www.friedenskoch.de\/?page_id=64\">The Four Homes of Mercy in Jerusalem<\/a><\/li>\n<li><a href=\"https:\/\/www.friedenskoch.de\/?page_id=66\">Frauenverein<\/a><\/li>\n<li><a href=\"https:\/\/www.friedenskoch.de\/?page_id=68\">Berufsschule in Hebron<\/a><\/li>\n<li><a href=\"https:\/\/www.friedenskoch.de\/?page_id=832\">Fachstelle<\/a><\/li>\n<\/ul>\n","protected":false},"excerpt":{"rendered":"<p>Das urspr\u00fcngliche Projekt: Der interreligi\u00f6se Kindergarten Unsere abgeschlossenen Projekte: Gemeindezentrum in Ramla Gymnasium f\u00fcr Ramla The Four Homes of Mercy in Jerusalem Frauenverein Berufsschule in Hebron Fachstelle<\/p>\n","protected":false},"author":3,"featured_media":0,"parent":0,"menu_order":20,"comment_status":"closed","ping_status":"open","template":"","meta":{"footnotes":""},"class_list":["post-8","page","type-page","status-publish","hentry"],"_links":{"self":[{"href":"https:\/\/www.friedenskoch.de\/index.php?rest_route=\/wp\/v2\/pages\/8","targetHints":{"allow":["GET"]}}],"collection":[{"href":"https:\/\/www.friedenskoch.de\/index.php?rest_route=\/wp\/v2\/pages"}],"about":[{"href":"https:\/\/www.friedenskoch.de\/index.php?rest_route=\/wp\/v2\/types\/page"}],"author":[{"embeddable":true,"href":"https:\/\/www.friedenskoch.de\/index.php?rest_route=\/wp\/v2\/users\/3"}],"replies":[{"embeddable":true,"href":"https:\/\/www.friedenskoch.de\/index.php?rest_route=%2Fwp%2Fv2%2Fcomments&post=8"}],"version-history":[{"count":5,"href":"https:\/\/www.friedenskoch.de\/index.php?rest_route=\/wp\/v2\/pages\/8\/revisions"}],"predecessor-version":[{"id":1778,"href":"https:\/\/www.friedenskoch.de\/index.php?rest_route=\/wp\/v2\/pages\/8\/revisions\/1778"}],"wp:attachment":[{"href":"https:\/\/www.friedenskoch.de\/index.php?rest_route=%2Fwp%2Fv2%2Fmedia&parent=8"}],"curies":[{"name":"wp","href":"https:\/\/api.w.org\/{rel}","templated":true}]}}

<p><a href="https://www.friedenskoch.de/?page_id=22">Das ursprüngliche Projekt: Der interreligiöse Kindergarten</a></p>
<p>Unsere abgeschlossenen Projekte:</p>
<ul>
<li><a href="https://www.friedenskoch.de/?page_id=60">Gemeindezentrum in Ramla</a></li>
<li><a href="https://www.friedenskoch.de/?page_id=62">Gymnasium für Ramla</a></li>
<li><a href="https://www.friedenskoch.de/?page_id=64">The Four Homes of Mercy in Jerusalem</a></li>
<li><a href="https://www.friedenskoch.de/?page_id=66">Frauenverein</a></li>
<li><a href="https://www.friedenskoch.de/?page_id=68">Berufsschule in Hebron</a></li>
<li><a href="https://www.friedenskoch.de/?page_id=832">Fachstelle</a></li>
</ul>

<p>Das ursprüngliche Projekt: Der interreligiöse Kindergarten Unsere abgeschlossenen Projekte: Gemeindezentrum in Ramla Gymnasium für Ramla The Four Homes of Mercy in Jerusalem Frauenverein Berufsschule in Hebron Fachstelle</p>
